of 16052 and 68?
4
Calculate the greatest common factor of 8449 and 284.
71
Calculate the highest common factor of 234 and 1120626.
234
What is the greatest common divisor of 6 and 378816?
6
Calculate the highest common divisor of 83655 and 66.
33
What is the highest common divisor of 112316 and 602?
86
Calculate the highest common factor of 1419 and 324822.
129
Calculate the greatest common factor of 323007 and 201.
201
Calculate the highest common factor of 460 and 165945.
115
What is the greatest common divisor of 385 and 761915?
385
What is the highest common factor of 16147 and 723?
241
Calculate the highest common divisor of 798 and 252833.
133
Calculate the highest common divisor of 1031941 and 23.
23
Calculate the highest common factor of 4785 and 475020.
435
Calculate the greatest common factor of 61 and 68137.
61
Calculate the highest common divisor of 1414978 and 221.
17
What is the greatest common divisor of 2024 and 11528?
88
What is the greatest common factor of 442 and 48824?
34
What is the highest common divisor of 150 and 266775?
75
What is the greatest common divisor of 1957032 and 264?
264
What is the greatest common factor of 591436 and 4?
4
What is the highest common divisor of 2422920 and 210?
30
What is the greatest common factor of 10199 and 25333?
329
Calculate the greatest common divisor of 208 and 877773.
13
What is the highest common factor of 1335 and 135?
15
What is the greatest common divisor of 27554 and 18124?
46
What is the greatest common divisor of 354 and 64664?
118
Calculate the highest common divisor of 2205 and 135.
45
What is the greatest common divisor of 1376 and 10144?
32
What is the greatest common divisor of 19 and 449027?
19
What is the highest common divisor of 6159 and 3?
3
What is the highest common factor of 225 and 41760?
45
What is the greatest common factor of 79986 and 144?
6
What is the highest common divisor of 570 and 13380?
30
What is the greatest common factor of 75834 and 198?
198
What is the greatest common factor of 6723 and 1992?
249
Calculate the greatest common divisor of 136945 and 7930.
305
Calculate the highest common factor of 287723 and 856.
107
Calculate the highest common factor of 26 and 729482.
26
Calculate the greatest common factor of 66 and 3312.
6
Calculate the highest common factor of 814 and 1367113.
407
Calculate the greatest common factor of 26488 and 121.
11
What is the highest common divisor of 34560 and 15?
15
Calculate the greatest common divisor of 853974 and 114.
114
What is the highest common factor of 214715 and 355?
5
What is the highest common factor of 2052 and 2916?
108
What is the highest common factor of 75205 and 890?
445
Calculate the greatest common factor of 9878 and 16164.
898
Calculate the highest common divisor of 1810 and 1988.
2
What is the highest common divisor of 59208 and 162?
6
Calculate the greatest common divisor of 22935 and 6.
3
What is the greatest common divisor of 18506 and 22762?
38
What is the greatest common divisor of 328715 and 580?
145
Calculate the greatest common factor of 1072 and 804.
268
What is the highest common factor of 12 and 297600?
12
Calculate the greatest common factor of 86 and 485642.
86
Calculate the greatest common factor of 528864 and 2592.
96
Calculate the greatest common divisor of 11 and 1469127.
11
Calculate the greatest common divisor of 46 and 69851.
23
Calculate the greatest common factor of 24375 and 19825.
325
Calculate the highest common divisor of 286971 and 6.
3
What is the highest common factor of 306 and 847246?
34
Calculate the highest common divisor of 9240 and 682.
22
Calculate the greatest common factor of 25805 and 52.
13
Calculate the highest common divisor of 215 and 185.
5
What is the greatest common factor of 37 and 4929103?
37
What is the greatest common factor of 16448 and 282700?
1028
What is the highest common factor of 11005 and 1705?
155
What is the highest common divisor of 120 and 45216?
24
What is the greatest common divisor of 8888 and 2376?
88
What is the greatest common factor of 2309218 and 478?
478
Calculate the highest common factor of 816 and 436560.
816
Calculate the highest common divisor of 1887 and 9213.
111
Calculate the greatest common divisor of 185 and 141488.
37
Calculate the greatest common factor of 216 and 2008.
8
Calculate the highest common divisor of 5859 and 1891.
31
Calculate the highest common factor of 220 and 516760.
20
What is the highest common factor of 17660 and 545?
5
Calculate the greatest common factor of 7325 and 25.
25
Calculate the highest common divisor of 278 and 137193.
139
What is the highest common factor of 483 and 152329?
23
Calculate the greatest common divisor of 2313 and 15934.
257
Calculate the highest common divisor of 1015745 and 159.
53
What is the highest common divisor of 299 and 293618?
299
Calculate the greatest common factor of 3136 and 128672.
32
Calculate the greatest common factor of 2478 and 98.
14
Calculate the greatest common divisor of 13608 and 11.
1
Calculate the greatest common divisor of 586143 and 459.
459
Calculate the greatest common factor of 2460 and 120.
60
What is the highest common divisor of 31770 and 117?
9
Calculate the greatest common divisor of 2045 and 302251.
409
Calculate the highest common divisor of 1310 and 29344.
262
Calculate the greatest common factor of 1965672 and 1104.
552
What is the greatest common divisor of 198 and 68409?
99
What is the highest common factor of 12 and 453372?
12
Calculate the greatest common factor of 9 and 2213469.
9
Calculate the greatest common divisor of 300 and 12876.
12
What is the highest common factor of 9074 and 47813?
349
Calculate the highest common factor of 1404 and 52.
52
Calculate the highest common divisor of 628 and 112.
4
What is the greatest common factor of 636 and 1884?
12
Calculate the greatest common divisor of 75680 and 20240.
880
What is the greatest common divisor of 12 and 976604?
4
What is the greatest common factor of 115824 and 5472?
912
Calculate the highest common factor of 75 and 1083.
3
Calculate the greatest common factor of 107414 and 1720.
86
What is the highest common divisor of 353265 and 165?
165
What is the greatest common factor of 5600 and 8650?
50
Calculate the highest common divisor of 135 and 3177.
9
Calculate the highest common factor of 72 and 29124.
36
What is the greatest common divisor of 621 and 1138638?
69
Calculate the highest common factor of 30 and 1263.
3
Calculate the highest common divisor of 5049 and 113322.
561
Calculate the highest common divisor of 160896 and 4224.
384
What is the greatest common factor of 16 and 147304?
8
Calculate the highest common divisor of 432 and 2759580.
36
What is the highest common factor of 12 and 2192412?
12
Calculate the highest common divisor of 850802 and 87.
29
What is the greatest common factor of 68968 and 37?
37
Calculate the greatest common divisor of 738 and 2727.
9
What is the highest common factor of 155 and 5549?
31
What is the highest common factor of 247170 and 70?
70
Calculate the highest common divisor of 26335 and 15203.
23
Calculate the greatest common factor of 14 and 954.
2
Calculate the highest common divisor of 25 and 38975.
25
Calculate the highest common divisor of 4965 and 19755.
15
What is the greatest common divisor of 51804 and 252?
36
Calculate the highest common divisor of 50 and 66560.
10
What is the greatest common divisor of 1037 and 24949?
61
Calculate the greatest common divisor of 12 and 155136.
12
What is the greatest common divisor of 3 and 129013?
1
Calculate the highest common factor of 520465 and 110.
55
Calculate the highest common divisor of 11 and 53669.
11
Calculate the highest common factor of 1947 and 8877.
33
What is the greatest common factor of 19451 and 4037?
367
What is the highest common factor of 11 and 185559?
11
What is the greatest common divisor of 1058 and 10748222?
1058
What is the highest common factor of 18510 and 24?
6
Calculate the greatest common divisor of 33516 and 21204.
684
Calculate the highest common factor of 6516 and 276.
12
What is the highest common divisor of 63574 and 2128?
266
Calculate the greatest common factor of 15959354 and 919.
919
What is the highest common divisor of 897 and 9096?
